{"id":333,"date":"2026-04-07T13:11:27","date_gmt":"2026-04-07T12:11:27","guid":{"rendered":"https:\/\/eu-people.com\/?page_id=333"},"modified":"2026-08-07T09:35:20","modified_gmt":"2026-08-07T08:35:20","slug":"angajatori","status":"publish","type":"page","link":"https:\/\/eu-people.com\/ro\/werkgevers\/","title":{"rendered":"Angajatori"},"content":{"rendered":"<section class=\"hero\">\n    \n    \n    <div class=\"grid hero-wrap boxed\">\n        <div class=\"content-wrap\">\n            <div class=\"grid textbox justify-items-start align-content-center\">\n                                                <span class=\"breadcrumb\"><span><span><a href=\"https:\/\/eu-people.com\/ro\/\">Acas\u0103<\/a><\/span><\/span><\/span>                \n                <h1>Angajatori<\/h1>\n\n                <div class=\"text\"><p>Pia\u021ba muncii din Olanda are nevoie de angaja\u021bi califica\u021bi, \u00een timp ce num\u0103rul angaja\u021bilor disponibili, inclusiv la nivel interna\u021bional, este exact cel necesar. Exist\u0103 mai multe motive care explic\u0103 aceast\u0103 sc\u0103dere.<\/p>\n<\/div>\n\n                            <\/div>\n        <\/div>\n    <\/div>\n\n    \n<\/section>\n\n<section class=\"text-image-boxes std-padding\">\n\n            <div class=\"text-image-boxes-wrap boxed\">\n            \n<div class=\"text-image-boxes\">\n    <div class=\"grid columns\">\n                        <div class=\"grid tile\">\n            \n                        <img decoding=\"async\" src=\"https:\/\/eu-people.com\/wp-content\/uploads\/2026\/08\/eu-people-werkgever-over-eu-people.jpg\">\n                        \n            <div class=\"flex content\">\n                <b>Despre EU-People<\/b>\n                <p>Pia\u021ba muncii din Olanda are nevoie de angaja\u021bi califica\u021bi, \u00een timp ce num\u0103rul angaja\u021bilor disponibili, inclusiv la nivel interna\u021bional, este exact cel necesar. Exist\u0103 mai multe motive care explic\u0103 aceast\u0103 sc\u0103dere.<\/p>\n                                <a href=\"https:\/\/eu-people.com\/ro\/despre-cetatenii-ue\/\" target=\"\" class=\"link\">\n                    <span>Mai multe informa\u021bii despre EU People<\/span><i class=\"fa-solid fa-arrow-up-right\"><\/i>\n                <\/a>\n                            <\/div>\n            \n        <\/div>\n        \n                <div class=\"grid tile\">\n            \n                        <img decoding=\"async\" src=\"https:\/\/eu-people.com\/wp-content\/uploads\/2026\/08\/eu-people-over-missie-e1786091680357.png\">\n                        \n            <div class=\"flex content\">\n                <b>Misiune \u0219i viziune<\/b>\n                <p>Afl\u0103 mai multe despre misiunea \u0219i viziunea noastr\u0103, \u00een care ne prezent\u0103m obiectivele \u0219i valorile. D\u0103 clic pe link pentru a descoperi ce ne caracterizeaz\u0103.<\/p>\n                                <a href=\"https:\/\/eu-people.com\/ro\/misiune-viziune-oamenii-ue\/\" target=\"\" class=\"link\">\n                    <span>Mai multe informa\u021bii despre misiune \u0219i viziune<\/span><i class=\"fa-solid fa-arrow-up-right\"><\/i>\n                <\/a>\n                            <\/div>\n            \n        <\/div>\n        \n                <div class=\"grid tile\">\n            \n                        <img decoding=\"async\" src=\"https:\/\/eu-people.com\/wp-content\/uploads\/2026\/08\/eu-peope-over-voor-werkgevers-1.png\">\n                        \n            <div class=\"flex content\">\n                <b>Re\u021beta succesului<\/b>\n                <p>\u00cen calitate de speciali\u0219ti \u00een logistic\u0103 \u0219i produc\u021bie, ne distingem prin cuno\u0219tin\u021bele aprofundate privind procesele opera\u021bionale din aceste sectoare.<\/p>\n                                <a href=\"https:\/\/eu-people.com\/ro\/reteta-succesului\/\" target=\"\" class=\"link\">\n                    <span>Mai multe informa\u021bii despre formula noastr\u0103<\/span><i class=\"fa-solid fa-arrow-up-right\"><\/i>\n                <\/a>\n                            <\/div>\n            \n        <\/div>\n        \n                <div class=\"grid tile\">\n            \n                        <img decoding=\"async\" src=\"https:\/\/eu-people.com\/wp-content\/uploads\/2026\/07\/eu-people-over-keurmerken-2.png\">\n                        \n            <div class=\"flex content\">\n                <b>M\u0103rci de calitate<\/b>\n                <p>Certificatele atest\u0103 faptul c\u0103 titularul \u00eendepline\u0219te cerin\u021bele stabilite de organismul de certificare.<\/p>\n                                <a href=\"https:\/\/eu-people.com\/ro\/marci-de-calitate\/\" target=\"\" class=\"link\">\n                    <span>Mai multe informa\u021bii despre m\u0103rcile de calitate<\/span><i class=\"fa-solid fa-arrow-up-right\"><\/i>\n                <\/a>\n                            <\/div>\n            \n        <\/div>\n        \n            <\/div>\n<\/div>\n        <\/div>\n    \n<\/section>","protected":false},"excerpt":{"rendered":"","protected":false},"author":1,"featured_media":0,"parent":0,"menu_order":0,"comment_status":"closed","ping_status":"closed","template":"","meta":{"_acf_changed":false,"footnotes":""},"class_list":["post-333","page","type-page","status-publish","hentry"],"acf":[],"yoast_head":"<!-- This site is optimized with the Yoast SEO Premium plugin v28.3 (Yoast SEO v28.3) - https:\/\/yoast.com\/product\/yoast-seo-premium-wordpress\/ -->\n<title>Werkgevers - EU-People<\/title>\n<meta name=\"description\" content=\"Werkgevers - EU-People\" \/>\n<meta name=\"robots\" content=\"index, follow, max-snippet:-1, max-image-preview:large, max-video-preview:-1\" \/>\n<link rel=\"canonical\" href=\"https:\/\/eu-people.com\/ro\/angajatori\/\" \/>\n<meta property=\"og:locale\" content=\"ro_RO\" \/>\n<meta property=\"og:type\" content=\"article\" \/>\n<meta property=\"og:title\" content=\"Werkgevers\" \/>\n<meta property=\"og:description\" content=\"Werkgevers - EU-People\" \/>\n<meta property=\"og:url\" content=\"https:\/\/eu-people.com\/ro\/angajatori\/\" \/>\n<meta property=\"og:site_name\" content=\"EU-People\" \/>\n<meta property=\"article:publisher\" content=\"https:\/\/www.facebook.com\/EUpeopleHQ\/\" \/>\n<meta property=\"article:modified_time\" content=\"2026-08-07T08:35:20+00:00\" \/>\n<meta name=\"twitter:card\" content=\"summary_large_image\" \/>\n<script type=\"application\/ld+json\" class=\"yoast-schema-graph\">{\"@context\":\"https:\\\/\\\/schema.org\",\"@graph\":[{\"@type\":\"WebPage\",\"@id\":\"https:\\\/\\\/eu-people.com\\\/werkgevers\\\/\",\"url\":\"https:\\\/\\\/eu-people.com\\\/werkgevers\\\/\",\"name\":\"Werkgevers - EU-People\",\"isPartOf\":{\"@id\":\"https:\\\/\\\/eu-people.com\\\/#website\"},\"datePublished\":\"2026-04-07T12:11:27+00:00\",\"dateModified\":\"2026-08-07T08:35:20+00:00\",\"description\":\"Werkgevers - EU-People\",\"breadcrumb\":{\"@id\":\"https:\\\/\\\/eu-people.com\\\/werkgevers\\\/#breadcrumb\"},\"inLanguage\":\"ro-RO\",\"potentialAction\":[{\"@type\":\"ReadAction\",\"target\":[\"https:\\\/\\\/eu-people.com\\\/werkgevers\\\/\"]}]},{\"@type\":\"BreadcrumbList\",\"@id\":\"https:\\\/\\\/eu-people.com\\\/werkgevers\\\/#breadcrumb\",\"itemListElement\":[{\"@type\":\"ListItem\",\"position\":1,\"name\":\"Home\",\"item\":\"https:\\\/\\\/eu-people.com\\\/\"},{\"@type\":\"ListItem\",\"position\":2,\"name\":\"Werkgevers\"}]},{\"@type\":\"WebSite\",\"@id\":\"https:\\\/\\\/eu-people.com\\\/#website\",\"url\":\"https:\\\/\\\/eu-people.com\\\/\",\"name\":\"EU-People\",\"description\":\"\",\"publisher\":{\"@id\":\"https:\\\/\\\/eu-people.com\\\/#organization\"},\"potentialAction\":[{\"@type\":\"SearchAction\",\"target\":{\"@type\":\"EntryPoint\",\"urlTemplate\":\"https:\\\/\\\/eu-people.com\\\/?s={search_term_string}\"},\"query-input\":{\"@type\":\"PropertyValueSpecification\",\"valueRequired\":true,\"valueName\":\"search_term_string\"}}],\"inLanguage\":\"ro-RO\"},{\"@type\":\"Organization\",\"@id\":\"https:\\\/\\\/eu-people.com\\\/#organization\",\"name\":\"EU-People\",\"alternateName\":\"EU-People | Profs for Profs\",\"url\":\"https:\\\/\\\/eu-people.com\\\/\",\"logo\":{\"@type\":\"ImageObject\",\"inLanguage\":\"ro-RO\",\"@id\":\"https:\\\/\\\/eu-people.com\\\/#\\\/schema\\\/logo\\\/image\\\/\",\"url\":\"https:\\\/\\\/eu-people.com\\\/wp-content\\\/uploads\\\/2026\\\/02\\\/logo-scaled.png\",\"contentUrl\":\"https:\\\/\\\/eu-people.com\\\/wp-content\\\/uploads\\\/2026\\\/02\\\/logo-scaled.png\",\"width\":2560,\"height\":477,\"caption\":\"EU-People\"},\"image\":{\"@id\":\"https:\\\/\\\/eu-people.com\\\/#\\\/schema\\\/logo\\\/image\\\/\"},\"sameAs\":[\"https:\\\/\\\/www.facebook.com\\\/EUpeopleHQ\\\/\",\"https:\\\/\\\/www.instagram.com\\\/eupeople_jobs\\\/\",\"https:\\\/\\\/www.linkedin.com\\\/company\\\/eu-people-b.v.\\\/\"],\"description\":\"EU-People is a leading Dutch recruitment agency connecting international professionals with reliable employers in the Eindhoven region and across the Netherlands. We recruit for technical, logistics, production and food industry jobs, including woodworking, metalworking, cleanroom, assembly and machine operator roles. We provide quality housing, transport, weekly salary and personal support from application to employment.\",\"email\":\"info@eu-people.com\",\"telephone\":\"+31882014100\",\"legalName\":\"EU-People B.V.\",\"vatID\":\"NL817327472B01\",\"numberOfEmployees\":{\"@type\":\"QuantitativeValue\",\"minValue\":\"201\",\"maxValue\":\"500\"}}]}<\/script>\n<!-- \/ Yoast SEO Premium plugin. -->","yoast_head_json":{"title":"Angajatori - EU-People","description":"Angajatori - EU-People","robots":{"index":"index","follow":"follow","max-snippet":"max-snippet:-1","max-image-preview":"max-image-preview:large","max-video-preview":"max-video-preview:-1"},"canonical":"https:\/\/eu-people.com\/ro\/angajatori\/","og_locale":"ro_RO","og_type":"article","og_title":"Werkgevers","og_description":"Werkgevers - EU-People","og_url":"https:\/\/eu-people.com\/ro\/angajatori\/","og_site_name":"EU-People","article_publisher":"https:\/\/www.facebook.com\/EUpeopleHQ\/","article_modified_time":"2026-08-07T08:35:20+00:00","twitter_card":"summary_large_image","schema":{"@context":"https:\/\/schema.org","@graph":[{"@type":"WebPage","@id":"https:\/\/eu-people.com\/werkgevers\/","url":"https:\/\/eu-people.com\/werkgevers\/","name":"Angajatori - EU-People","isPartOf":{"@id":"https:\/\/eu-people.com\/#website"},"datePublished":"2026-04-07T12:11:27+00:00","dateModified":"2026-08-07T08:35:20+00:00","description":"Angajatori - EU-People","breadcrumb":{"@id":"https:\/\/eu-people.com\/werkgevers\/#breadcrumb"},"inLanguage":"ro-RO","potentialAction":[{"@type":"ReadAction","target":["https:\/\/eu-people.com\/werkgevers\/"]}]},{"@type":"BreadcrumbList","@id":"https:\/\/eu-people.com\/werkgevers\/#breadcrumb","itemListElement":[{"@type":"ListItem","position":1,"name":"Home","item":"https:\/\/eu-people.com\/"},{"@type":"ListItem","position":2,"name":"Werkgevers"}]},{"@type":"WebSite","@id":"https:\/\/eu-people.com\/#website","url":"https:\/\/eu-people.com\/","name":"Oameni din UE","description":"","publisher":{"@id":"https:\/\/eu-people.com\/#organization"},"potentialAction":[{"@type":"SearchAction","target":{"@type":"EntryPoint","urlTemplate":"https:\/\/eu-people.com\/?s={search_term_string}"},"query-input":{"@type":"PropertyValueSpecification","valueRequired":true,"valueName":"search_term_string"}}],"inLanguage":"ro-RO"},{"@type":"Organization","@id":"https:\/\/eu-people.com\/#organization","name":"Oameni din UE","alternateName":"EU-People | Profs for Profs","url":"https:\/\/eu-people.com\/","logo":{"@type":"ImageObject","inLanguage":"ro-RO","@id":"https:\/\/eu-people.com\/#\/schema\/logo\/image\/","url":"https:\/\/eu-people.com\/wp-content\/uploads\/2026\/02\/logo-scaled.png","contentUrl":"https:\/\/eu-people.com\/wp-content\/uploads\/2026\/02\/logo-scaled.png","width":2560,"height":477,"caption":"EU-People"},"image":{"@id":"https:\/\/eu-people.com\/#\/schema\/logo\/image\/"},"sameAs":["https:\/\/www.facebook.com\/EUpeopleHQ\/","https:\/\/www.instagram.com\/eupeople_jobs\/","https:\/\/www.linkedin.com\/company\/eu-people-b.v.\/"],"description":"EU-People este o agen\u021bie de recrutare olandez\u0103 de top, care pune \u00een leg\u0103tur\u0103 profesioni\u0219ti interna\u021bionali cu angajatori de \u00eencredere din regiunea Eindhoven \u0219i din \u00eentreaga Oland\u0103. Recrut\u0103m personal pentru posturi din domeniile tehnic, logistic, de produc\u021bie \u0219i din industria alimentar\u0103, inclusiv pentru posturi \u00een prelucrarea lemnului, prelucrarea metalelor, camere sterile, asamblare \u0219i operatori de ma\u0219ini. Oferim cazare de calitate, transport, salariu s\u0103pt\u0103m\u00e2nal \u0219i sprijin personal de la depunerea candidaturii p\u00e2n\u0103 la angajare.","email":"info@eu-people.com","telephone":"+31882014100","legalName":"EU-People B.V.","vatID":"NL817327472B01","numberOfEmployees":{"@type":"QuantitativeValue","minValue":"201","maxValue":"500"}}]}},"_links":{"self":[{"href":"https:\/\/eu-people.com\/ro\/wp-json\/wp\/v2\/pages\/333","targetHints":{"allow":["GET"]}}],"collection":[{"href":"https:\/\/eu-people.com\/ro\/wp-json\/wp\/v2\/pages"}],"about":[{"href":"https:\/\/eu-people.com\/ro\/wp-json\/wp\/v2\/types\/page"}],"author":[{"embeddable":true,"href":"https:\/\/eu-people.com\/ro\/wp-json\/wp\/v2\/users\/1"}],"replies":[{"embeddable":true,"href":"https:\/\/eu-people.com\/ro\/wp-json\/wp\/v2\/comments?post=333"}],"version-history":[{"count":11,"href":"https:\/\/eu-people.com\/ro\/wp-json\/wp\/v2\/pages\/333\/revisions"}],"predecessor-version":[{"id":703,"href":"https:\/\/eu-people.com\/ro\/wp-json\/wp\/v2\/pages\/333\/revisions\/703"}],"wp:attachment":[{"href":"https:\/\/eu-people.com\/ro\/wp-json\/wp\/v2\/media?parent=333"}],"curies":[{"name":"wp","href":"https:\/\/api.w.org\/{rel}","templated":true}]}}

<section class="hero">
    
    
    <div class="grid hero-wrap boxed">
        <div class="content-wrap">
            <div class="grid textbox justify-items-start align-content-center">
                                                <span class="breadcrumb"><span><span><a href="https://eu-people.com/ro/">Acasă</a></span></span></span>                
                <h1>Angajatori</h1>

                <div class="text"><p>Piața muncii din Olanda are nevoie de angajați calificați, în timp ce numărul angajaților disponibili, inclusiv la nivel internațional, este exact cel necesar. Există mai multe motive care explică această scădere.</p>
</div>

                            </div>
        </div>
    </div>

    
</section>

<section class="text-image-boxes std-padding">

            <div class="text-image-boxes-wrap boxed">
            
<div class="text-image-boxes">
    <div class="grid columns">
                        <div class="grid tile">
            
                        <img decoding="async" src="https://eu-people.com/wp-content/uploads/2026/08/eu-people-werkgever-over-eu-people.jpg">
                        
            <div class="flex content">
                <b>Despre EU-People</b>
                <p>Piața muncii din Olanda are nevoie de angajați calificați, în timp ce numărul angajaților disponibili, inclusiv la nivel internațional, este exact cel necesar. Există mai multe motive care explică această scădere.</p>
                                <a href="https://eu-people.com/ro/despre-cetatenii-ue/" target="" class="link">
                    <span>Mai multe informații despre EU People</span><i class="fa-solid fa-arrow-up-right"></i>
                </a>
                            </div>
            
        </div>
        
                <div class="grid tile">
            
                        <img decoding="async" src="https://eu-people.com/wp-content/uploads/2026/08/eu-people-over-missie-e1786091680357.png">
                        
            <div class="flex content">
                <b>Misiune și viziune</b>
                <p>Află mai multe despre misiunea și viziunea noastră, în care ne prezentăm obiectivele și valorile. Dă clic pe link pentru a descoperi ce ne caracterizează.</p>
                                <a href="https://eu-people.com/ro/misiune-viziune-oamenii-ue/" target="" class="link">
                    <span>Mai multe informații despre misiune și viziune</span><i class="fa-solid fa-arrow-up-right"></i>
                </a>
                            </div>
            
        </div>
        
                <div class="grid tile">
            
                        <img decoding="async" src="https://eu-people.com/wp-content/uploads/2026/08/eu-peope-over-voor-werkgevers-1.png">
                        
            <div class="flex content">
                <b>Rețeta succesului</b>
                <p>În calitate de specialiști în logistică și producție, ne distingem prin cunoștințele aprofundate privind procesele operaționale din aceste sectoare.</p>
                                <a href="https://eu-people.com/ro/reteta-succesului/" target="" class="link">
                    <span>Mai multe informații despre formula noastră</span><i class="fa-solid fa-arrow-up-right"></i>
                </a>
                            </div>
            
        </div>
        
                <div class="grid tile">
            
                        <img decoding="async" src="https://eu-people.com/wp-content/uploads/2026/07/eu-people-over-keurmerken-2.png">
                        
            <div class="flex content">
                <b>Mărci de calitate</b>
                <p>Certificatele atestă faptul că titularul îndeplinește cerințele stabilite de organismul de certificare.</p>
                                <a href="https://eu-people.com/ro/marci-de-calitate/" target="" class="link">
                    <span>Mai multe informații despre mărcile de calitate</span><i class="fa-solid fa-arrow-up-right"></i>
                </a>
                            </div>
            
        </div>
        
            </div>
</div>
        </div>
    
</section>

EU-People este o agenție de recrutare olandeză de top, care pune în legătură profesioniști internaționali cu angajatori de încredere din regiunea Eindhoven și din întreaga Olandă. Recrutăm personal pentru posturi din domeniile tehnic, logistic, de producție și din industria alimentară, inclusiv pentru posturi în prelucrarea lemnului, prelucrarea metalelor, camere sterile, asamblare și operatori de mașini. Oferim cazare de calitate, transport, salariu săptămânal și sprijin personal de la depunerea candidaturii până la angajare.
