{"id":858,"date":"2026-09-01T14:53:42","date_gmt":"2026-09-01T13:53:42","guid":{"rendered":"https:\/\/eu-people.com\/vacancy\/weekend-cleanroom-assembly-worker\/"},"modified":"2026-09-01T14:53:42","modified_gmt":"2026-09-01T13:53:42","slug":"muncitor-pentru-asamblare-in-camera-curata-in-weekend","status":"publish","type":"vacancy","link":"https:\/\/eu-people.com\/ro\/vacancy\/weekend-cleanroom-assembly-worker\/","title":{"rendered":"Weekend \u2013 Muncitor la asamblare \u00een camer\u0103 curat\u0103"},"template":"","meta":{"_acf_changed":false},"categories":[],"branche":[9],"education":[20],"city":[6],"hours":[40],"vacancy_tag":[],"class_list":["post-858","vacancy","type-vacancy","status-publish","hentry"],"acf":[],"yoast_head":"<!-- This site is optimized with the Yoast SEO Premium plugin v28.3 (Yoast SEO v28.3) - https:\/\/yoast.com\/product\/yoast-seo-premium-wordpress\/ -->\n<title>Weekend - Cleanroom Assembly Worker - EU-People<\/title>\n<meta name=\"robots\" content=\"index, follow, max-snippet:-1, max-image-preview:large, max-video-preview:-1\" \/>\n<link rel=\"canonical\" href=\"https:\/\/eu-people.com\/ro\/post-vacant\/muncitor-pentru-asamblare-in-camera-curata-in-weekend\/\" \/>\n<meta property=\"og:locale\" content=\"ro_RO\" \/>\n<meta property=\"og:type\" content=\"article\" \/>\n<meta property=\"og:title\" content=\"Weekend - Cleanroom Assembly Worker\" \/>\n<meta property=\"og:url\" content=\"https:\/\/eu-people.com\/ro\/post-vacant\/muncitor-pentru-asamblare-in-camera-curata-in-weekend\/\" \/>\n<meta property=\"og:site_name\" content=\"EU-People\" \/>\n<meta property=\"article:publisher\" content=\"https:\/\/www.facebook.com\/EUpeopleHQ\/\" \/>\n<meta name=\"twitter:card\" content=\"summary_large_image\" \/>\n<script type=\"application\/ld+json\" class=\"yoast-schema-graph\">{\"@context\":\"https:\\\/\\\/schema.org\",\"@graph\":[{\"@type\":\"WebPage\",\"@id\":\"https:\\\/\\\/eu-people.com\\\/vacancy\\\/weekend-cleanroom-assembly-worker\\\/\",\"url\":\"https:\\\/\\\/eu-people.com\\\/vacancy\\\/weekend-cleanroom-assembly-worker\\\/\",\"name\":\"Weekend - Cleanroom Assembly Worker - EU-People\",\"isPartOf\":{\"@id\":\"https:\\\/\\\/eu-people.com\\\/#website\"},\"datePublished\":\"2026-09-01T13:53:42+00:00\",\"breadcrumb\":{\"@id\":\"https:\\\/\\\/eu-people.com\\\/vacancy\\\/weekend-cleanroom-assembly-worker\\\/#breadcrumb\"},\"inLanguage\":\"ro-RO\",\"potentialAction\":[{\"@type\":\"ReadAction\",\"target\":[\"https:\\\/\\\/eu-people.com\\\/vacancy\\\/weekend-cleanroom-assembly-worker\\\/\"]}]},{\"@type\":\"BreadcrumbList\",\"@id\":\"https:\\\/\\\/eu-people.com\\\/vacancy\\\/weekend-cleanroom-assembly-worker\\\/#breadcrumb\",\"itemListElement\":[{\"@type\":\"ListItem\",\"position\":1,\"name\":\"Home\",\"item\":\"https:\\\/\\\/eu-people.com\\\/\"},{\"@type\":\"ListItem\",\"position\":2,\"name\":\"Vacatures\",\"item\":\"https:\\\/\\\/eu-people.com\\\/vacancy\\\/\"},{\"@type\":\"ListItem\",\"position\":3,\"name\":\"Weekend &#8211; Cleanroom Assembly Worker\"}]},{\"@type\":\"WebSite\",\"@id\":\"https:\\\/\\\/eu-people.com\\\/#website\",\"url\":\"https:\\\/\\\/eu-people.com\\\/\",\"name\":\"EU-People\",\"description\":\"\",\"publisher\":{\"@id\":\"https:\\\/\\\/eu-people.com\\\/#organization\"},\"potentialAction\":[{\"@type\":\"SearchAction\",\"target\":{\"@type\":\"EntryPoint\",\"urlTemplate\":\"https:\\\/\\\/eu-people.com\\\/?s={search_term_string}\"},\"query-input\":{\"@type\":\"PropertyValueSpecification\",\"valueRequired\":true,\"valueName\":\"search_term_string\"}}],\"inLanguage\":\"ro-RO\"},{\"@type\":\"Organization\",\"@id\":\"https:\\\/\\\/eu-people.com\\\/#organization\",\"name\":\"EU-People\",\"alternateName\":\"EU-People | Profs for Profs\",\"url\":\"https:\\\/\\\/eu-people.com\\\/\",\"logo\":{\"@type\":\"ImageObject\",\"inLanguage\":\"ro-RO\",\"@id\":\"https:\\\/\\\/eu-people.com\\\/#\\\/schema\\\/logo\\\/image\\\/\",\"url\":\"https:\\\/\\\/eu-people.com\\\/wp-content\\\/uploads\\\/2026\\\/02\\\/logo-scaled.png\",\"contentUrl\":\"https:\\\/\\\/eu-people.com\\\/wp-content\\\/uploads\\\/2026\\\/02\\\/logo-scaled.png\",\"width\":2560,\"height\":477,\"caption\":\"EU-People\"},\"image\":{\"@id\":\"https:\\\/\\\/eu-people.com\\\/#\\\/schema\\\/logo\\\/image\\\/\"},\"sameAs\":[\"https:\\\/\\\/www.facebook.com\\\/EUpeopleHQ\\\/\",\"https:\\\/\\\/www.instagram.com\\\/eupeople_jobs\\\/\",\"https:\\\/\\\/www.linkedin.com\\\/company\\\/eu-people-b.v.\\\/\"],\"description\":\"EU-People is a leading Dutch recruitment agency connecting international professionals with reliable employers in the Eindhoven region and across the Netherlands. We recruit for technical, logistics, production and food industry jobs, including woodworking, metalworking, cleanroom, assembly and machine operator roles. We provide quality housing, transport, weekly salary and personal support from application to employment.\",\"email\":\"info@eu-people.com\",\"telephone\":\"+31882014100\",\"legalName\":\"EU-People B.V.\",\"vatID\":\"NL817327472B01\",\"numberOfEmployees\":{\"@type\":\"QuantitativeValue\",\"minValue\":\"201\",\"maxValue\":\"500\"}}]}<\/script>\n<!-- \/ Yoast SEO Premium plugin. -->","yoast_head_json":{"title":"Weekend - Muncitor la asamblare \u00een camer\u0103 curat\u0103 - EU-People","robots":{"index":"index","follow":"follow","max-snippet":"max-snippet:-1","max-image-preview":"max-image-preview:large","max-video-preview":"max-video-preview:-1"},"canonical":"https:\/\/eu-people.com\/ro\/post-vacant\/muncitor-pentru-asamblare-in-camera-curata-in-weekend\/","og_locale":"ro_RO","og_type":"article","og_title":"Weekend - Cleanroom Assembly Worker","og_url":"https:\/\/eu-people.com\/ro\/post-vacant\/muncitor-pentru-asamblare-in-camera-curata-in-weekend\/","og_site_name":"EU-People","article_publisher":"https:\/\/www.facebook.com\/EUpeopleHQ\/","twitter_card":"summary_large_image","schema":{"@context":"https:\/\/schema.org","@graph":[{"@type":"WebPage","@id":"https:\/\/eu-people.com\/vacancy\/weekend-cleanroom-assembly-worker\/","url":"https:\/\/eu-people.com\/vacancy\/weekend-cleanroom-assembly-worker\/","name":"Weekend - Muncitor la asamblare \u00een camer\u0103 curat\u0103 - EU-People","isPartOf":{"@id":"https:\/\/eu-people.com\/#website"},"datePublished":"2026-09-01T13:53:42+00:00","breadcrumb":{"@id":"https:\/\/eu-people.com\/vacancy\/weekend-cleanroom-assembly-worker\/#breadcrumb"},"inLanguage":"ro-RO","potentialAction":[{"@type":"ReadAction","target":["https:\/\/eu-people.com\/vacancy\/weekend-cleanroom-assembly-worker\/"]}]},{"@type":"BreadcrumbList","@id":"https:\/\/eu-people.com\/vacancy\/weekend-cleanroom-assembly-worker\/#breadcrumb","itemListElement":[{"@type":"ListItem","position":1,"name":"Home","item":"https:\/\/eu-people.com\/"},{"@type":"ListItem","position":2,"name":"Vacatures","item":"https:\/\/eu-people.com\/vacancy\/"},{"@type":"ListItem","position":3,"name":"Weekend &#8211; Cleanroom Assembly Worker"}]},{"@type":"WebSite","@id":"https:\/\/eu-people.com\/#website","url":"https:\/\/eu-people.com\/","name":"Oameni din UE","description":"","publisher":{"@id":"https:\/\/eu-people.com\/#organization"},"potentialAction":[{"@type":"SearchAction","target":{"@type":"EntryPoint","urlTemplate":"https:\/\/eu-people.com\/?s={search_term_string}"},"query-input":{"@type":"PropertyValueSpecification","valueRequired":true,"valueName":"search_term_string"}}],"inLanguage":"ro-RO"},{"@type":"Organization","@id":"https:\/\/eu-people.com\/#organization","name":"Oameni din UE","alternateName":"EU-People | Profs for Profs","url":"https:\/\/eu-people.com\/","logo":{"@type":"ImageObject","inLanguage":"ro-RO","@id":"https:\/\/eu-people.com\/#\/schema\/logo\/image\/","url":"https:\/\/eu-people.com\/wp-content\/uploads\/2026\/02\/logo-scaled.png","contentUrl":"https:\/\/eu-people.com\/wp-content\/uploads\/2026\/02\/logo-scaled.png","width":2560,"height":477,"caption":"EU-People"},"image":{"@id":"https:\/\/eu-people.com\/#\/schema\/logo\/image\/"},"sameAs":["https:\/\/www.facebook.com\/EUpeopleHQ\/","https:\/\/www.instagram.com\/eupeople_jobs\/","https:\/\/www.linkedin.com\/company\/eu-people-b.v.\/"],"description":"EU-People este o agen\u021bie de recrutare olandez\u0103 de top, care pune \u00een leg\u0103tur\u0103 profesioni\u0219ti interna\u021bionali cu angajatori de \u00eencredere din regiunea Eindhoven \u0219i din \u00eentreaga Oland\u0103. Recrut\u0103m personal pentru posturi din domeniile tehnic, logistic, de produc\u021bie \u0219i din industria alimentar\u0103, inclusiv pentru posturi \u00een prelucrarea lemnului, prelucrarea metalelor, camere sterile, asamblare \u0219i operatori de ma\u0219ini. Oferim cazare de calitate, transport, salariu s\u0103pt\u0103m\u00e2nal \u0219i sprijin personal de la depunerea candidaturii p\u00e2n\u0103 la angajare.","email":"info@eu-people.com","telephone":"+31882014100","legalName":"EU-People B.V.","vatID":"NL817327472B01","numberOfEmployees":{"@type":"QuantitativeValue","minValue":"201","maxValue":"500"}}]}},"_links":{"self":[{"href":"https:\/\/eu-people.com\/ro\/wp-json\/wp\/v2\/vacancy\/858","targetHints":{"allow":["GET"]}}],"collection":[{"href":"https:\/\/eu-people.com\/ro\/wp-json\/wp\/v2\/vacancy"}],"about":[{"href":"https:\/\/eu-people.com\/ro\/wp-json\/wp\/v2\/types\/vacancy"}],"wp:attachment":[{"href":"https:\/\/eu-people.com\/ro\/wp-json\/wp\/v2\/media?parent=858"}],"wp:term":[{"taxonomy":"category","embeddable":true,"href":"https:\/\/eu-people.com\/ro\/wp-json\/wp\/v2\/categories?post=858"},{"taxonomy":"branche","embeddable":true,"href":"https:\/\/eu-people.com\/ro\/wp-json\/wp\/v2\/branche?post=858"},{"taxonomy":"education","embeddable":true,"href":"https:\/\/eu-people.com\/ro\/wp-json\/wp\/v2\/education?post=858"},{"taxonomy":"city","embeddable":true,"href":"https:\/\/eu-people.com\/ro\/wp-json\/wp\/v2\/city?post=858"},{"taxonomy":"hours","embeddable":true,"href":"https:\/\/eu-people.com\/ro\/wp-json\/wp\/v2\/hours?post=858"},{"taxonomy":"vacancy_tag","embeddable":true,"href":"https:\/\/eu-people.com\/ro\/wp-json\/wp\/v2\/vacancy_tag?post=858"}],"curies":[{"name":"wp","href":"https:\/\/api.w.org\/{rel}","templated":true}]}}

Weekend – Muncitor la asamblare în cameră curată

Weekend - Muncitor la asamblare în cameră curată - EU-People

EU-People este o agenție de recrutare olandeză de top, care pune în legătură profesioniști internaționali cu angajatori de încredere din regiunea Eindhoven și din întreaga Olandă. Recrutăm personal pentru posturi din domeniile tehnic, logistic, de producție și din industria alimentară, inclusiv pentru posturi în prelucrarea lemnului, prelucrarea metalelor, camere sterile, asamblare și operatori de mașini. Oferim cazare de calitate, transport, salariu săptămânal și sprijin personal de la depunerea candidaturii până la angajare.
